) = -t**3 - 11*t**2 - 27*t - 23. Calculate r(-2).
-5
Let u(r) = -r**3 - 7*r**2 + 74*r - 105. Determine u(5).
-35
Let y(n) = -2*n**2 - 314*n - 611. Give y(-2).
9
Let x(d) = -2*d**3 - 56*d**2 - 58*d - 61. What is x(-27)?
47
Let n(l) = -l**3 - 3*l**2 + l + 6. Give n(-5).
51
Let f(m) = -109*m + 17002. Give f(156).
-2
Let s(t) = -4*t**2 + 54*t - 24. Give s(13).
2
Let w(c) = -76*c - 97. What is w(-1)?
-21
Let j(c) = -c**3 - 9*c**2 - 19*c - 25. What is j(-2)?
-15
Let c(l) = l**2 - 157*l - 3625. What is c(-20)?
-85
Let a(z) = 106*z + 11760. What is a(-111)?
-6
Let k(n) = 2*n - 311. Calculate k(49).
-213
Let s(k) = k**3 - 268*k**2 + 5410*k + 470. Determine s(246).
-22
Let f(k) = -5*k**3 + 269*k**2 + 54*k - 44. Determine f(54).
-44
Let m(a) = 5*a**2 + 34*a - 64. Determine m(2).
24
Let a(m) = 4*m**2 - 183*m - 856. Determine a(50).
-6
Let r(v) = -8*v**2 - 12*v - 44. Determine r(-2).
-52
Let r(z) = -21*z**3 + 107*z**2 + 9*z - 101. Give r(5).
-6
Let s(k) = -51*k - 5564. Calculate s(-109).
-5
Let i(w) = -489*w - 3914. Determine i(-8).
-2
Let p(z) = -z**2 - 23*z + 33. Determine p(-25).
-17
Let n(b) = 172*b - 4651. Give n(27).
-7
Let a(h) = -h**3 + 16*h**2 - 49*h - 20. What is a(10)?
90
Let v(t) = -22*t**2 - 31*t + 67. Give v(2).
-83
Let y(n) = -14*n + 385. What is y(32)?
-63
Let i(d) = d**3 - 4*d**2 + 4*d - 43. What is i(6)?
53
Let y(t) = 5*t**3 - 5*t**2 - 210*t - 204. What is y(-1)?
-4
Let l(k) = k**2 + 488*k + 10256. Calculate l(-22).
4
Let g(l) = 8*l**2 - 9*l + 105. What is g(0)?
105
Let q(k) = -75*k**3 - 8*k**2 + 2*k + 10. Determine q(-1).
75
Let h(p) = -24*p + 942. What is h(24)?
366
Let h(g) = -g**2 + 15*g + 5. Determine h(19).
-71
Let r(m) = -7*m**3 - 222*m**2 + 63*m - 131. Calculate r(-32).
-99
Let g(b) = -3*b**2 + 4*b + 163. Give g(8).
3
Let z(p) = -p**3 - 108*p**2 - 114*p - 743. What is z(-107)?
6
Let x(w) = -w**3 - 15*w**2 - 59*w - 94. Give x(-9).
-49
Let l(a) = -2*a**3 + 412*a**2 - 407*a - 616. Give l(205).
-1
Let o(f) = -f**3 + 158*f**2 - 71*f + 11218. What is o(158)?
0
Let d(w) = -82*w**2 + 6*w + 1. What is d(-1)?
-87
Let r(d) = 3*d**2 - 151*d - 783. Calculate r(55).
-13
Let l(p) = -p**3 - 27*p**2 + 19*p - 183. What is l(-28)?
69
Let d(g) = g**3 + 24*g**2 - 119*g - 217. Calculate d(-28).
-21
Let c(l) = 619*l + 2480. Determine c(-4).
4
Let g(k) = 182*k + 173. What is g(-1)?
-9
Let k(r) = 89*r + 4449. Calculate k(-50).
-1
Let o(w) = 2*w**3 - 4*w**2 - 114*w - 20. Calculate o(-8).
-388
Let d(n) = -174*n + 1239. Calculate d(8).
-153
Let q(l) = -l**2 - 55*l - 747. Calculate q(-26).
7
Let i(h) = -21*h**2 + 161*h + 2. Give i(7).
100
Let p(y) = 2*y**3 + 31*y**2 - 26*y + 55. Determine p(-16).
215
Let p(z) = -14*z + 117. Calculate p(9).
-9
Let j(k) = -k**2 - 257*k + 8004. What is j(-285)?
24
Let o(q) = -34*q - 490. Give o(-14).
-14
Let a(k) = -3*k**2 - 5*k - 4. Give a(-7).
-116
Let x(g) = -34*g - 35. Give x(-1).
-1
Let l(p) = -p**3 + 11*p**2 + 19*p + 245. Give l(12).
329
Let k(t) = -t**2 + 64*t - 397. Determine k(7).
2
Let g(t) = -t**3 + 81*t**2 - 79*t - 162. What is g(80)?
-82
Let j(p) = -p**2 - 20*p - 17. Calculate j(-13).
74
Let f(o) = -o**2 - 34*o - 616. Calculate f(-20).
-336
Let f(q) = q**3 + 23*q**2 - 161*q - 3713. Calculate f(-23).
-10
Let f(k) = -246*k + 4145. What is f(17)?
-37
Let h(b) = -346*b + 1387. Calculate h(4).
3
Let j(h) = 253*h - 1591. Calculate j(6).
-73
Let k(z) = -1577*z - 110394. Calculate k(-70).
-4
Let n(p) = 2*p**2 + 792*p - 797. Give n(-397).
-3
Let o(y) = 3*y**2 - 22*y + 58. Calculate o(6).
34
Let o(i) = i**3 + 22*i**2 + 106*i + 1912. Give o(-21).
127
Let f(k) = -5*k**3 - 19*k**2 - k + 2. Give f(-4).
22
Let p(u) = u**3 + 26*u**2 + 68*u - 4. Determine p(-23).
19
Let u(c) = 147*c + 24784. Determine u(-169).
-59
Let d(z) = -35*z**2 - 389*z - 1152. Calculate d(-3).
-300
Let d(i) = i**3 + 652*i**2 - 653*i. Give d(1).
0
Let h(q) = -q**3 + 13*q**2 + 8*q - 201. Give h(10).
179
Let i(p) = p**2 + 109*p + 493. Give i(-5).
-27
Let d(f) = -7507*f + 15017. Give d(2).
3
Let h(k) = 85*k**2 + 1273*k - 26. What is h(-15)?
4
Let o(h) = 18*h + 364. Calculate o(-24).
-68
Let v(k) = k**3 - 88*k**2 + 75*k + 1027. Calculate v(87).
-17
Let n(g) = g**2 - 82*g + 37. Calculate n(81).
-44
Let f(x) = 1303*x + 5215. Calculate f(-4).
3
Let a(q) = 164*q - 2107. Calculate a(13).
25
Let y(v) = 2*v**2 - 25*v + 85. Calculate y(4).
17
Let c(r) = -r**3 - 59*r**2 + 1289*r - 222. Determine c(-76).
6
Let m(d) = 3*d**2 + 102*d + 781. Calculate m(-14).
-59
Let q(r) = -2*r**3 - 370*r**2 + 6003*r + 595. Determine q(-200).
-5
Let h(o) = -o**3 + 4*o**2 + 13*o - 15. Give h(8).
-167
Let p(w) = 3*w**2 - 165*w - 10218. Calculate p(-37).
-6
Let v(a) = -123*a + 3198. What is v(26)?
0
Let y(p) = 339*p + 830. What is y(-4)?
-526
Let r(k) = -126*k - 1381. What is r(-11)?
5
Let g(t) = -4*t**3 + 290*t**2 + 146*t - 12. Calculate g(73).
-12
Let z(j) = -j**3 - 20*j**2 - 30*j + 133. What is z(-18)?
25
Let z(f) = -1181*f - 1106. What is z(-1)?
75
Let m(j) = -431*j + 2605. Calculate m(6).
19
Let i(p) = p**3 + 40*p**2 - 33*p + 402. Give i(-41).
74
Let j(h) = -561*h - 532. Give j(-1).
29
Let p(x) = -175*x**2 + 1192*x + 238. Calculate p(7).
7
Let r(q) = -890*q - 14. Calculate r(0).
-14
Let w(o) = 338*o + 463. Give w(-5).
-1227
Let k(r) = 63*r**2 - 569*r + 14. What is k(9)?
-4
Let p(l) = l**2 - 120*l + 140. Determine p(119).
21
Let b(p) = -p**2 - 18*p + 24. Give b(6).
-120
Let i(f) = -25*f**3 - 349*f**2 - 34*f - 666. Give i(-14).
6
Let g(k) = k**3 - 43*k**2 - 89*k - 162. Determine g(45).
-117
Let g(j) = 2481*j - 101721. Give g(41).
0
Let a(z) = 60*z - 19. What is a(2)?
101
Let x(z) = 4*z**2 - 14*z - 39. Determine x(6).
21
Let q(j) = -99*j + 24181. Calculate q(244).
25
Let z(x) = 11*x**3 + 12*x**2 - 22*x + 11. What is z(1)?
12
Let j(l) = -2*l + 155. What is j(39)?
77
Let l(o) = -3*o**2 - 55*o - 81. Determine l(-17).
-13
Let r(m) = 6335*m + 57012. Calculate r(-9).
-3
Let x(c) = c**3 + 20*c**2 - 25*c - 72. Give x(-21).
12
Let l(x) = -x**3 - 2*x**2 + 31*x - 37. Calculate l(-7).
-9
Let w(r) = 2*r**3 + 31*r**2 - 10*r + 31. Give w(-16).
-65
Let q(o) = o**2 - 23*o - 1094. Determine q(-23).
-36
Let l(q) = q**3 - 18*q**2 + 81*q - 1425. Give l(18).
33
Let j(r) = 11*r + 61. What is j(-6)?
-5
Let r(z) = z**3 - 45*z**2 + 43*z + 157. What is r(44)?
113
Let m(n) = -2*n + 30. What is m(2)?
26
Let v(f) = -39*f - 102. Calculate v(-4).
54
Let v(z) = 6*z - 72. What is v(12)?
0
Let w(s) = 6*s**2 + 82*s - 191. Give w(-16).
33
Let m(g) = -g**3 + 43*g**2 - 39*g - 105. What is m(42)?
21
Let x(i) = 6*i**3 - 20*i**2 - 49*i + 136. Determine x(4).
4
Let q(t) = 28*t - 507. Calculate q(18).
-3
Let c(w) = -2*w**2 + 129*w - 2070. Calculate c(35).
-5
Let l(f) = f**3 - f**2 - 20*f - 73. Determine l(-6).
-205
Let l(h) = -2*h**2 - 33*h - 35. Determine l(-1).
-4
Let y(k) = -2*k**2 + 84*k - 459. Calculate y(6).
-27
Let i(j) = -82*j**3 - 4*j**2 + 4*j - 1. Determine i(1).
-83
Let g(s) = -s**2 - 12*s + 5. Calculate g(-19).
-128
Let p(d) = 178*d - 437. Determine p(5).
453
Let x(r) = -r**2 + 58*r + 1210. Give x(-14).
202
Let h(v) = 9*v - 68. Calculate h(10).
22
Let w(d) = 3*d**3 + 5*d**2 + 10*d + 9. What is w(-3)?
-57
Let x(b) = 4*b**2 + 3*b - 9. What is x(8)?
271
Let f(k) = 144*k**3 - k - 1. What is f(1)?
142
Let r(p) = -p**3 + 33*p**2 + 422*p - 15605. Calculate r(29).
-3
Let c(g) = -2*g**3 - 13*g**2 - 11*g + 12. Determine c(-5).
-8
Let n(d) = d**3 + 80*d**2 + 447*d + 307. Calculate n(-74).
85
Let a(f) = 40*f - 494. Determine a(12).
-14
Let l(j) = -3*j**2 - 44*j + 19. Determine l(-14).
47
Let d(h) = -14*h + 1473. Calculate d(105).
3
Let c(g) = 17*g - 718. Calculate c(43).
13
Let x(h) = -731*h - 707. Determine x(-1).
24
Let s(w) = 49*w + 2063. What is s(-42)?
5
Let z(m) = -3*m**2 - 23*m + 224. What is z(-17)?
-252
Let g(a) = 357*a + 1135. Determine g(-3).
64
Let w(n) = 30*n + 2164. Give w(-72).
4
Let s(j) = -j**3 - 15*j**2 - 87*j - 611. Calculate s(-12).
1
Let g(m) = -56*m + 12. Give g(1).
-44
Let p(m) = 9*m**3 - 529*m**2 - 117*m - 57. What is p(59)?
2
Let i(t) = t**2 - 5*t - 190. Calculate i(0).
-190
Let z(u) = -u**3 - u**2 + 20*u + 42. Determine z(-6).
102
Let w(i) = 2*i**2 - 4*i - 41. Calculate w(5).
-11
Let q(k) = -5*k**2 - 559*k + 668. Give q(-113).
-10
Let k(l) = 12*l**2 - 53*l + 24. What is k(4)?
4
Let w(o) = 24*o - 344. Determ